{"id":1103,"date":"2022-09-22T20:53:12","date_gmt":"2022-09-22T18:53:12","guid":{"rendered":"http:\/\/putbus.uwe-horn.net\/gemeinde\/?page_id=1103"},"modified":"2025-08-26T17:24:35","modified_gmt":"2025-08-26T15:24:35","slug":"wirtschaft","status":"publish","type":"page","link":"https:\/\/putbus.de\/stadt-putbus\/wirtschaft\/","title":{"rendered":"Wohnungswirtschaft"},"content":{"rendered":"\n<div class=\"wp-block-cover alignfull is-light has-border-color has-white-border-color\" style=\"border-width:1.5vw;min-height:75vh;aspect-ratio:unset;\"><span aria-hidden=\"true\" class=\"wp-block-cover__background has-background-dim-0 has-background-dim\" style=\"background-color:#cbc5c5\"><\/span><img loading=\"lazy\" decoding=\"async\" width=\"2000\" height=\"1124\" src=\"https:\/\/putbus.de\/stadt-putbus\/wp-content\/uploads\/sites\/3\/2025\/08\/wirtschaft-1.jpg\" class=\"wp-block-cover__image-background wp-post-image\" alt=\"\" data-object-fit=\"cover\" data-object-position=\"52% 89%\" style=\"object-position:52% 89%;\" srcset=\"https:\/\/putbus.de\/stadt-putbus\/wp-content\/uploads\/sites\/3\/2025\/08\/wirtschaft-1.jpg 2000w, https:\/\/putbus.de\/stadt-putbus\/wp-content\/uploads\/sites\/3\/2025\/08\/wirtschaft-1-300x169.jpg 300w, https:\/\/putbus.de\/stadt-putbus\/wp-content\/uploads\/sites\/3\/2025\/08\/wirtschaft-1-1024x575.jpg 1024w, https:\/\/putbus.de\/stadt-putbus\/wp-content\/uploads\/sites\/3\/2025\/08\/wirtschaft-1-768x432.jpg 768w, https:\/\/putbus.de\/stadt-putbus\/wp-content\/uploads\/sites\/3\/2025\/08\/wirtschaft-1-1536x863.jpg 1536w\" sizes=\"auto, (max-width: 2000px) 100vw, 2000px\" \/><div class=\"wp-block-cover__inner-container is-layout-constrained wp-block-cover-is-layout-constrained\">\n<p class=\"has-text-align-center has-large-font-size\"><\/p>\n<\/div><\/div>\n\n\n\n<div class=\"wp-block-cover alignfull is-light\" style=\"border-top-style:none;border-top-width:0vw;border-right-color:var(--wp--preset--color--white);border-right-width:1.5vw;border-bottom-color:var(--wp--preset--color--white);border-left-color:var(--wp--preset--color--white);border-left-width:1.5vw;margin-top:0;margin-bottom:0;padding-top:0;padding-right:0;padding-bottom:0;padding-left:0;min-height:240px;aspect-ratio:unset;\"><img loading=\"lazy\" decoding=\"async\" width=\"1024\" height=\"225\" class=\"wp-block-cover__image-background wp-image-4160 size-large\" alt=\"\" src=\"https:\/\/putbus.de\/stadt-putbus\/wp-content\/uploads\/sites\/3\/2025\/08\/bg_tabs-1-1024x225.png\" data-object-fit=\"cover\" srcset=\"https:\/\/putbus.de\/stadt-putbus\/wp-content\/uploads\/sites\/3\/2025\/08\/bg_tabs-1-1024x225.png 1024w, https:\/\/putbus.de\/stadt-putbus\/wp-content\/uploads\/sites\/3\/2025\/08\/bg_tabs-1-300x66.png 300w, https:\/\/putbus.de\/stadt-putbus\/wp-content\/uploads\/sites\/3\/2025\/08\/bg_tabs-1-768x169.png 768w, https:\/\/putbus.de\/stadt-putbus\/wp-content\/uploads\/sites\/3\/2025\/08\/bg_tabs-1-1536x338.png 1536w, https:\/\/putbus.de\/stadt-putbus\/wp-content\/uploads\/sites\/3\/2025\/08\/bg_tabs-1.png 1920w\" sizes=\"auto, (max-width: 1024px) 100vw, 1024px\" \/><span aria-hidden=\"true\" class=\"wp-block-cover__background has-background-dim-0 has-background-dim\" style=\"background-color:#fcfbf9\"><\/span><div class=\"wp-block-cover__inner-container is-layout-constrained wp-container-core-cover-is-layout-72190d31 wp-block-cover-is-layout-constrained\">\n<div class=\"wp-block-group alignwide is-layout-constrained wp-block-group-is-layout-constrained\">\n<div class=\"wp-block-group alignfull is-nowrap is-layout-flex wp-container-core-group-is-layout-b6b71352 wp-block-group-is-layout-flex\" style=\"padding-right:0;padding-left:0\">\n<h4 class=\"wp-block-heading has-primary-color has-text-color has-link-color has-jost-font-family has-small-font-size wp-elements-5f8a268135d6922a57540e0135d18170\" style=\"font-style:normal;font-weight:400\"><a href=\"\/\">Startseite<\/a><\/h4>\n\n\n\n<h4 class=\"wp-block-heading has-primary-color has-text-color has-link-color has-jost-font-family has-small-font-size wp-elements-e748835a7f3ffb267ad89f2a493c0e46\" style=\"font-style:normal;font-weight:400\"><a href=\"\/stadt-putbus\">Stadt Putbus<\/a><\/h4>\n\n\n<h4 style=\"font-style:normal;font-weight:400;\" class=\"has-link-color wp-elements-62edc01cb5249a80f4ffb694134daceb wp-block-post-title has-text-color has-primary-color has-small-font-size has-jost-font-family\">Wohnungswirtschaft<\/h4><\/div>\n\n\n<h1 class=\"has-link-color alignfull wp-elements-372d453621380a31c40f4b12e47455da wp-block-post-title has-text-color has-primary-color has-large-font-size\">Wohnungswirtschaft<\/h1><\/div>\n<\/div><\/div>\n\n\n\n<div class=\"wp-block-columns alignwide is-layout-flex wp-container-core-columns-is-layout-b0bab6eb wp-block-columns-is-layout-flex\" style=\"margin-top:var(--wp--preset--spacing--40);margin-bottom:var(--wp--preset--spacing--40)\">\n<div class=\"wp-block-column is-layout-flow wp-container-core-column-is-layout-119bc444 wp-block-column-is-layout-flow\">\n<h2 class=\"wp-block-heading has-primary-color has-text-color has-link-color wp-elements-6255ac9e69fa3bdf6efc07e9abec9123\">Informationen zum Eigenbetrieb Wohnungswirtschaft der Stadt Putbus:<\/h2>\n\n\n\n<div class=\"wp-block-group alignwide is-layout-grid wp-container-core-group-is-layout-67b1a71d wp-block-group-is-layout-grid\" style=\"padding-top:0;padding-right:0;padding-bottom:0;padding-left:0\">\n<div class=\"wp-block-group has-light-background-color has-background is-vertical is-layout-flex wp-container-core-group-is-layout-9ae43232 wp-block-group-is-layout-flex\" style=\"padding-top:var(--wp--preset--spacing--20);padding-right:var(--wp--preset--spacing--20);padding-bottom:var(--wp--preset--spacing--20);padding-left:var(--wp--preset--spacing--20)\">\n<h3 class=\"wp-block-heading\">Sprechzeiten<\/h3>\n\n\n\n<p>Montag geschlossen<br>Dienstag 09.00 &#8211; 12.00 Uhr und 13.00 &#8211; 17.00 Uhr<br>Mittwoch geschlossen<br>Donnerstag 09.00 &#8211; 12.00 Uhr und 13.00 &#8211; 16.00 Uhr<br>Freitag 09.00 &#8211; 12.00 Uhr<\/p>\n<\/div>\n\n\n\n<div class=\"wp-block-group has-light-background-color has-background is-vertical is-layout-flex wp-container-core-group-is-layout-9ae43232 wp-block-group-is-layout-flex\" style=\"padding-top:var(--wp--preset--spacing--20);padding-right:var(--wp--preset--spacing--20);padding-bottom:var(--wp--preset--spacing--20);padding-left:var(--wp--preset--spacing--20)\">\n<h3 class=\"wp-block-heading\">Kontakt<\/h3>\n\n\n\n<p>Eigenbetrieb der Stadt Putbus<br>Markt 8<br>18581 Putbus<br>Tel. 038301 61431<br>Fax 038301 61432<br><a href=\"mailto:eigenbetrieb@putbus.de\">eigenbetrieb@putbus.de<\/a><\/p>\n<\/div>\n<\/div>\n\n\n\n<div class=\"wp-block-group is-vertical is-layout-flex wp-container-core-group-is-layout-a4f8cc12 wp-block-group-is-layout-flex\" style=\"padding-right:0;padding-left:0\">\n<h2 class=\"wp-block-heading\">Hinweise<\/h2>\n\n\n\n<p>Hier werden Tipps gegeben zum richtigen L\u00fcften und richtigen Heizen der Wohnungen und einer damit verbundenen Kosteneinsparung.<\/p>\n<\/div>\n\n\n\n<div class=\"wp-block-group alignwide is-layout-grid wp-container-core-group-is-layout-dfadca23 wp-block-group-is-layout-grid\" style=\"padding-top:0;padding-right:0;padding-bottom:0;padding-left:0\">\n<div class=\"wp-block-group alignwide is-vertical is-layout-flex wp-container-core-group-is-layout-7b9189e0 wp-block-group-is-layout-flex\" style=\"padding-top:0;padding-right:0;padding-bottom:0;padding-left:0\">\n<h3 class=\"wp-block-heading\"><strong>Richtiges L\u00fcften:<\/strong><\/h3>\n\n\n\n<p>Das Ankippen von Fenstern ist nicht ausreichend. N\u00f6tig ist die regelm\u00e4\u00dfige Sto\u00dfl\u00fcftung (weites \u00d6ffnen des Fensters im Raum) oder Querl\u00fcftung (Durchzug von Fenstern und gegen\u00fcber gelegenen T\u00fcren). Bitte f\u00fchren Sie eine entsprechende Durchl\u00fcftung Ihrer Wohnung drei Mal t\u00e4glich (vormittags, nachmittags und abends) f\u00fcr mindestens f\u00fcnf Minuten durch.<\/p>\n\n\n\n<p>W\u00e4hrend des Kochens in der K\u00fcche (sofern kein Dunstabzug vorhanden ist) oder nach dem Baden\/Duschen ist \u00fcber die oben erw\u00e4hnte L\u00fcftung zus\u00e4tzlich eine L\u00fcftung von 10 Minuten durchzuf\u00fchren, damit der Dampf abziehen kann.<\/p>\n<\/div>\n\n\n\n<div class=\"wp-block-group alignwide is-vertical is-layout-flex wp-container-core-group-is-layout-7b9189e0 wp-block-group-is-layout-flex\" style=\"padding-top:0;padding-right:0;padding-bottom:0;padding-left:0\">\n<h3 class=\"wp-block-heading\"><strong>Richtiges Heizen:<\/strong><\/h3>\n\n\n\n<p>Werden R\u00e4ume nicht ausreichend beheizt, kann dies zur Bildung von Schimmelpilzen f\u00fchren. Lassen Sie daher Ihre Wohnung nicht ausk\u00fchlen und senken die Temperatur nicht unter 17\u00b0 C, auch wenn Sie nicht zu Hause sind.<\/p>\n\n\n\n<p>Im Wohnzimmer, Schlafzimmer, Kinderzimmer, Flur und \u00e4hnlichen R\u00e4umen sollte eine Temperatur tags\u00fcber zwischen 6.00 und 22.00 Uhr von mindestens 20\u00b0 C vorherrschen, nachts mindestens 17\u00b0 C.<\/p>\n<\/div>\n<\/div>\n\n\n\n<div class=\"wp-block-group alignwide is-layout-flow wp-block-group-is-layout-flow\">\n<div class=\"wp-block-group alignwide is-vertical is-layout-flex wp-container-core-group-is-layout-f98cf28f wp-block-group-is-layout-flex\" style=\"padding-top:0;padding-right:0;padding-bottom:0;padding-left:0\">\n<h2 class=\"wp-block-heading\">Tipps zum Heizkosten sparen<\/h2>\n<\/div>\n\n\n\n<div class=\"wp-block-group alignwide is-layout-grid wp-container-core-group-is-layout-988b637e wp-block-group-is-layout-grid\">\n<div class=\"wp-block-group has-light-background-color has-background is-vertical is-layout-flex wp-container-core-group-is-layout-9ae43232 wp-block-group-is-layout-flex\" style=\"padding-top:var(--wp--preset--spacing--20);padding-right:var(--wp--preset--spacing--20);padding-bottom:var(--wp--preset--spacing--20);padding-left:var(--wp--preset--spacing--20)\">\n<h3 class=\"wp-block-heading\"><strong>L\u00fcften: Sto\u00dfbel\u00fcftung!<\/strong><\/h3>\n\n\n\n<p>Wenn Sie 2-3 mal t\u00e4glich die Fenster bis zu 10 Minuten weit \u00f6ffnen, ersetzen Sie die feuchte und warme Luft gegen die trochene und k\u00fchle Au\u00dfenluft am energiesparendsten. Thermostate der Heizk\u00f6rper dabei abdrehen!<\/p>\n<\/div>\n\n\n\n<div class=\"wp-block-group has-light-background-color has-background is-vertical is-layout-flex wp-container-core-group-is-layout-9ae43232 wp-block-group-is-layout-flex\" style=\"padding-top:var(--wp--preset--spacing--20);padding-right:var(--wp--preset--spacing--20);padding-bottom:var(--wp--preset--spacing--20);padding-left:var(--wp--preset--spacing--20)\">\n<h3 class=\"wp-block-heading\"><strong>Richtiger M\u00f6belabstand:<\/strong><\/h3>\n\n\n\n<p>Beim Platzieren von M\u00f6beln wird empfohlen, einen Abstand von 5 cm von den Au\u00dfenw\u00e4nden einzuhalten, um eine ausreichende Luftzirkulatuion zu gew\u00e4hrleisten.<\/p>\n<\/div>\n\n\n\n<div class=\"wp-block-group has-light-background-color has-background is-vertical is-layout-flex wp-container-core-group-is-layout-9ae43232 wp-block-group-is-layout-flex\" style=\"padding-top:var(--wp--preset--spacing--20);padding-right:var(--wp--preset--spacing--20);padding-bottom:var(--wp--preset--spacing--20);padding-left:var(--wp--preset--spacing--20)\">\n<h3 class=\"wp-block-heading\"><strong>Heizen:<\/strong><\/h3>\n\n\n\n<p>Temperaturen in nicht genutzten R\u00e4umen und bei Abwesenheit absenken, jedoch nicht unter 17\u00b0 C. Das Wiederaufheizen kostet viel Energie.<\/p>\n<\/div>\n\n\n\n<div class=\"wp-block-group has-light-background-color has-background is-vertical is-layout-flex wp-container-core-group-is-layout-9ae43232 wp-block-group-is-layout-flex\" style=\"padding-top:var(--wp--preset--spacing--20);padding-right:var(--wp--preset--spacing--20);padding-bottom:var(--wp--preset--spacing--20);padding-left:var(--wp--preset--spacing--20)\">\n<h3 class=\"wp-block-heading\"><strong>Heizk\u00f6rper:<\/strong><\/h3>\n\n\n\n<p>Diese bitte nicht abdecken oder zustellen, da sich die warme Luft sonst nicht optimal im Raum verteilen kann. Achten Sie auch darauf, dass Gardinen oder Vorh\u00e4nge die Thermostate nicht verdecken. Auch zum W\u00e4schetrocknen nicht die Heizk\u00f6rper benutzen.<\/p>\n<\/div>\n\n\n\n<div class=\"wp-block-group has-light-background-color has-background is-vertical is-layout-flex wp-container-core-group-is-layout-9ae43232 wp-block-group-is-layout-flex\" style=\"padding-top:var(--wp--preset--spacing--20);padding-right:var(--wp--preset--spacing--20);padding-bottom:var(--wp--preset--spacing--20);padding-left:var(--wp--preset--spacing--20)\">\n<h3 class=\"wp-block-heading\"><strong>T\u00fcren:<\/strong><\/h3>\n\n\n\n<p>Weniger beheizte R\u00e4ume sollten nicht durch warme Luft aus anderen R\u00e4umen aufgew\u00e4rmt werden. Deshalb T\u00fcren geschlossen halten!<\/p>\n<\/div>\n<\/div>\n<\/div>\n\n\n\n<div class=\"wp-block-group alignwide is-layout-flow wp-block-group-is-layout-flow\">\n<div class=\"wp-block-group is-vertical is-layout-flex wp-container-core-group-is-layout-a4f8cc12 wp-block-group-is-layout-flex\" style=\"padding-right:0;padding-left:0\">\n<h2 class=\"wp-block-heading\">Havariedienst<\/h2>\n\n\n\n<p>Au\u00dferhalb der Sprechzeiten des Eigenbetriebes und an den Wochenenden melden Sie sich in dringenden Notf\u00e4llen an:<\/p>\n<\/div>\n\n\n\n<div class=\"wp-block-group alignwide is-layout-grid wp-container-core-group-is-layout-83ee9bb8 wp-block-group-is-layout-grid\">\n<div class=\"wp-block-group has-light-background-color has-background is-vertical is-layout-flex wp-container-core-group-is-layout-80a5cfb4 wp-block-group-is-layout-flex\" style=\"padding-top:var(--wp--preset--spacing--20);padding-right:var(--wp--preset--spacing--20);padding-bottom:var(--wp--preset--spacing--20);padding-left:var(--wp--preset--spacing--20)\">\n<p><strong>Heizung\/Sanit\u00e4r:<\/strong><\/p>\n\n\n\n<p>RHT, Stralsunder Chaussee 8, 18528 Bergen<br><strong>Telefon 24-h Service: 03838-81690<\/strong><\/p>\n<\/div>\n\n\n\n<div class=\"wp-block-group has-light-background-color has-background is-vertical is-layout-flex wp-container-core-group-is-layout-80a5cfb4 wp-block-group-is-layout-flex\" style=\"padding-top:var(--wp--preset--spacing--20);padding-right:var(--wp--preset--spacing--20);padding-bottom:var(--wp--preset--spacing--20);padding-left:var(--wp--preset--spacing--20)\">\n<p><strong>Abwasser:<\/strong><\/p>\n\n\n\n<p>Rohr- &amp; Kanalreinigung, Bauhofstra\u00dfe 3, 18439 Stralsund<br><strong>Telefon: 03831-293900 ; 0171-4761054<\/strong><\/p>\n<\/div>\n<\/div>\n<\/div>\n\n\n\n<div class=\"wp-block-group alignwide is-layout-grid wp-container-core-group-is-layout-63f391ad wp-block-group-is-layout-grid\" style=\"margin-top:var(--wp--preset--spacing--40);margin-bottom:var(--wp--preset--spacing--40);padding-right:0;padding-left:0\">\n<div class=\"wp-block-group is-vertical is-layout-flex wp-container-core-group-is-layout-a4f8cc12 wp-block-group-is-layout-flex\" style=\"padding-right:0;padding-left:0\">\n<h3 class=\"wp-block-heading\">Wohnungsservice &#8211; Wie erfolgt die Registrierung?<\/h3>\n\n\n\n<p>Antragsformulare erhalten Sie beim:<\/p>\n\n\n\n<p><strong>Eigenbetrieb der Stadt Putbus<br>Wohnungswirtschaft<br>Markt 8, 18581 Putbus<\/strong><\/p>\n\n\n\n<p>oder <a href=\"https:\/\/putbus.de\/stadt-putbus\/wp-content\/uploads\/sites\/2\/2023\/04\/wohnungsantrag.pdf\" data-type=\"URL\" target=\"_blank\" rel=\"noreferrer noopener\"><strong><mark style=\"background-color:#fbfbfb;color:#0469e5\" class=\"has-inline-color\">hier<\/mark><\/strong><\/a>.<\/p>\n\n\n\n<p>Wenn der Antrag vollst\u00e4ndig ausgef\u00fcllt und beim Eigenbetrieb der Stadt Putbus eingegangen ist, wird die Aufnahme in die Bewerberliste erfolgen. Die Registrierung gilt f\u00fcr ein Jahr und ist danach zu erneuern.<\/p>\n<\/div>\n\n\n\n<div class=\"wp-block-group is-vertical is-layout-flex wp-container-core-group-is-layout-a4f8cc12 wp-block-group-is-layout-flex\" style=\"padding-right:0;padding-left:0\">\n<h3 class=\"wp-block-heading\">Wie erfolgt die Vermittlung einer Wohnung?<\/h3>\n\n\n\n<p>Sobald eine entsprechende Wohnung zur Verf\u00fcgung steht, wird eine Auswahl von Antragsteller\/innen auf diese Wohnung aufmerksam gemacht. Jede Wohnung wird mehreren Wohnungssuchenden angeboten. Das Angebot erfolgt schriftlich. Nachfragen sind deshalb nicht n\u00f6tig. W\u00fcnsche in Bezug auf eine spezielle Wohnung k\u00f6nnen unverbindlich gestellt werden. Bewerber\/innen, die auf ein Wohnungsangebot nicht reagieren, werden von der Vermittlung ausgeschlossen, da in diesem Fall davon ausgegangen wird, dass die Wohnungssuche abgeschlossen\/beendet ist.<\/p>\n<\/div>\n<\/div>\n<\/div>\n<\/div>\n","protected":false},"excerpt":{"rendered":"<p>Informationen zum Eigenbetrieb Wohnungswirtschaft der Stadt Putbus: Sprechzeiten Montag geschlossenDienstag 09.00 &#8211; 12.00 Uhr und 13.00 &#8211; 17.00 UhrMittwoch geschlossenDonnerstag 09.00 &#8211; 12.00 Uhr und 13.00 &#8211; 16.00 UhrFreitag 09.00 &#8211; 12.00 Uhr Kontakt Eigenbetrieb der Stadt PutbusMarkt 818581 PutbusTel. 038301 61431Fax 038301 61432eigenbetrieb@putbus.de Hinweise Hier werden Tipps gegeben zum richtigen L\u00fcften und richtigen Heizen [&hellip;]<\/p>\n","protected":false},"author":1,"featured_media":4236,"parent":0,"menu_order":50,"comment_status":"closed","ping_status":"closed","template":"","meta":{"footnotes":""},"seite_kategorie":[150],"class_list":["post-1103","page","type-page","status-publish","has-post-thumbnail","hentry","seite_kategorie-startseite"],"_links":{"self":[{"href":"https:\/\/putbus.de\/stadt-putbus\/wp-json\/wp\/v2\/pages\/1103","targetHints":{"allow":["GET"]}}],"collection":[{"href":"https:\/\/putbus.de\/stadt-putbus\/wp-json\/wp\/v2\/pages"}],"about":[{"href":"https:\/\/putbus.de\/stadt-putbus\/wp-json\/wp\/v2\/types\/page"}],"author":[{"embeddable":true,"href":"https:\/\/putbus.de\/stadt-putbus\/wp-json\/wp\/v2\/users\/1"}],"replies":[{"embeddable":true,"href":"https:\/\/putbus.de\/stadt-putbus\/wp-json\/wp\/v2\/comments?post=1103"}],"version-history":[{"count":42,"href":"https:\/\/putbus.de\/stadt-putbus\/wp-json\/wp\/v2\/pages\/1103\/revisions"}],"predecessor-version":[{"id":4633,"href":"https:\/\/putbus.de\/stadt-putbus\/wp-json\/wp\/v2\/pages\/1103\/revisions\/4633"}],"wp:featuredmedia":[{"embeddable":true,"href":"https:\/\/putbus.de\/stadt-putbus\/wp-json\/wp\/v2\/media\/4236"}],"wp:attachment":[{"href":"https:\/\/putbus.de\/stadt-putbus\/wp-json\/wp\/v2\/media?parent=1103"}],"wp:term":[{"taxonomy":"seite_kategorie","embeddable":true,"href":"https:\/\/putbus.de\/stadt-putbus\/wp-json\/wp\/v2\/seite_kategorie?post=1103"}],"curies":[{"name":"wp","href":"https:\/\/api.w.org\/{rel}","templated":true}]}}